- 14 - 8 = 0. Let b be (-18)/n*(-4)/(-6). Suppose -11 = b*y - 68. List the prime factors of y.
19
Suppose 0 = -3*u - 5*c - 50, u - 3*c = 3*u + 33. Let r be ((-24)/u)/(8/20). List the prime factors of 3 + (r - (4 - 1)).
2
Suppose 3*h - 4*c - 155 = 0, 4*h - 213 = -0*h - c. List the prime factors of h.
53
Suppose 5*s - 7*z + 2*z - 440 = 0, 4*s + 2*z = 328. Suppose w = 5*w - s. What are the prime factors of w?
3, 7
Let p(l) = l**2 + 2*l - 4. List the prime factors of p(6).
2, 11
Let u = 3 + 7. List the prime factors of 605/25 - 2/u.
2, 3
Let q be 4 + (-1 - 0/1). List the prime factors of 5*q*4/6.
2, 5
Let y(a) = 5*a**2 + 2*a + 1. Let w be y(-1). Suppose 3*c - 4*d - d = -22, -3*d = w*c + 10. Let m = 7 + c. What are the prime factors of m?
3
Suppose -4*l - 8 = -0. List the prime factors of (-3)/l*(-56)/(-6).
2, 7
Let c be 24/15*5/2. Suppose 8 = p - 0*b - 3*b, 60 = c*p + 2*b. What are the prime factors of p?
2, 7
Let f be 0 + -4 + 1 - 4. Let j(i) = i**2 + 3*i + 5. List the prime factors of j(f).
3, 11
Suppose -2*i - n + 69 = 0, 2*i + 5*n - 62 = 11. Suppose -k + 3*k + 4*z = i, -2*z - 29 = -k. What are the prime factors of k?
23
Let j = 27 + -25. What are the prime factors of j?
2
Suppose 2*c + 4 = -2*w, 13 = -0*c + c - 2*w. Suppose k + a = 2*k - 7, 4*k = -c*a + 63. List the prime factors of k.
2, 3
Suppose 2*y + 9 = 5*y. Suppose 0 = -4*r + 2*i - 0*i + 34, 3*r = 4*i + 28. Suppose -5*z = 3*c + 1, r*c - y*z = 3*c + 55. What are the prime factors of c?
2
What are the prime factors of (-1 + -149)/(((-18)/(-4))/(-3))?
2, 5
Suppose -4*j + 0*q = 2*q + 10, j - 5*q = 25. Suppose -3*a + 4*t = -91 - 69, -2*a + 5*t + 116 = j. What are the prime factors of a?
2, 3
Suppose a + 2 = -0, -2 = q + 2*a. Suppose 2*k = k - q. Let h(i) = i**3 + 4*i**2 + 4*i + 2. List the prime factors of h(k).
2
Let m = 205 + 35. What are the prime factors of m?
2, 3, 5
Suppose 5*v - 128 = v. What are the prime factors of v?
2
Let d = 3 - 2. Let n(b) = -b - 39 + 10*b**2 + 39. What are the prime factors of n(d)?
3
Suppose -5*j = 3*v - 2*v - 9, v - 9 = -3*j. Suppose 2*q - 29 = 1. Let w = q - v. List the prime factors of w.
2, 3
Suppose 79 = 5*w - 2*s + 19, -48 = -4*w + s. Suppose -102 + w = -5*v. List the prime factors of v.
2, 3
Let q(p) = -8*p**3. Let u be q(-1). Suppose -u*s + 12*s = 160. List the prime factors of s.
2, 5
Let z = 3 - 2. Suppose 3*h - 2*h = z, -b + 23 = -5*h. Suppose 5*a = -5, -23 - b = -4*d + 3*a. List the prime factors of d.
2, 3
Suppose 4*h + 150 = 5*a, -4*a = -h - 0*h - 109. What are the prime factors of a?
2, 13
Suppose -3*z = -z - 4*n - 4, 2*n - 6 = -3*z. Suppose 0*j = -4*r + 4*j + 64, -z*r + 40 = -4*j. List the prime factors of r.
2, 3
Suppose -4*q - 6 = -5*q. List the prime factors of q.
2, 3
Suppose 3*a - 24 = -2*o - a, 11 = -2*o + 3*a. Suppose 2*b + 2*x = 98, o*b + b - 107 = 5*x. Suppose -d - d = -b. What are the prime factors of d?
2, 11
Suppose -5*z - 45 = -2*u, -4*u + 3*z = -0*u - 83. Let w = u - -17. What are the prime factors of w?
37
Let b = -10 - -10. Suppose -4*y = -b*y. Suppose 8 = -y*t + 4*t. List the prime factors of t.
2
Suppose 70 = 3*s + 19. Suppose -15 - s = -v. List the prime factors of v.
2
Let f = 740 - 316. List the prime factors of f.
2, 53
Suppose 6*x - 7*x = -29. List the prime factors of x.
29
Let g(i) = -i**3 - 3*i**2 - i - 1. Let y be g(-3). Suppose -7 - 3 = -4*d + o, 2*d + y = -3*o. List the prime factors of 3/d*48/9.
2
Suppose 2*g = -0*g - 4. Let t(m) = -3*m**3. Let x be t(g). Suppose 0*b + x = b + 5*o, -b + 18 = -o. What are the prime factors of b?
19
Let c be (3 + (2 - 3))/(-1). Let p = -35 + 33. List the prime factors of 13 + 2/c + p.
2, 5
Let r be (3 - -53) + (2 - -2). Suppose -m + 3*m = r. List the prime factors of m.
2, 3, 5
Let i = 23 - 16. Let c be (-2)/(-2) + 10*1. Let q = c - i. What are the prime factors of q?
2
Suppose 4*h - 32 = -0*h. Suppose -r - 3*x - h = 0, 3*r - 4*x = -x + 36. What are the prime factors of r?
7
Let a = 251 + -100. What are the prime factors of a?
151
Let v(b) be the second derivative of 11/20*b**5 - 1/12*b**4 + 1/6*b**3 - 3*b - 1/2*b**2 + 0. List the prime factors of v(1).
2, 5
Suppose 3*d + 45 = i - 19, 2*d + 220 = 3*i. List the prime factors of i.
2, 19
What are the prime factors of 928/14 + 14/(-49)?
2, 3, 11
Let h(l) = l**3 - 4*l - 3. Let m be h(-2). Let i be m/(-6) + (-14)/(-4). Suppose 0 = -f + i*k + 4 + 4, -k + 7 = 2*f. List the prime factors of f.
2
Let m be (-20)/50 + 1614/10. Suppose 0 = 6*c - m - 67. List the prime factors of c.
2, 19
Let h be (0 - -1)/(1/(-17)). Let w = h + 25. List the prime factors of w.
2
Suppose -4*m - 5*i - 44 = 0, -3*m - 30 = -2*i + 5*i. Let v be (-22)/m - 3/(-9). Let z = 0 + v. List the prime factors of z.
2
Let d = 42 + -18. Let i be (-2 + 1 - 2)*-1. Suppose -i*j + j = -d. What are the prime factors of j?
2, 3
Suppose 2*p + 0*t + 13 = t, p = 4*t - 24. Let c be (-2)/p - 130/(-20). Suppose c = a - 2. List the prime factors of a.
3
Let y = 111 - 63. List the prime factors of y.
2, 3
Let w = 42 + -10. Suppose -5*t + 28 = y, -3*y = -y + 4*t - w. List the prime factors of y.
2
Let c = -13 + 23. Suppose -2*f = -4*t + 46, -4*t + c = 4*f - 30. Suppose m - 3*m = 3*j - t, 44 = 5*m + 2*j. List the prime factors of m.
2, 5
Let x(o) = -16*o + 58. What are the prime factors of x(-19)?
2, 181
Suppose -k = 5*p - 80, -3*k - 3*p + 274 = -5*p. List the prime factors of k.
2, 3, 5
Let u(o) = -41*o. Let q be u(-1). Suppose q = s + 3*w, -2*s + 3*w = 2*s - 89. Suppose -5*m = -2*t - s, 3 = -2*m + 5*m + 3*t. List the prime factors of m.
2
Let u(x) = x. Let f be u(1). Suppose n = 2*w + 4*n + f, -1 = -3*w - 2*n. Suppose -2*k - 5*j = -40, -5*j - w = -21. List the prime factors of k.
2, 5
Let j(m) = 11*m - 4. Let g be j(4). Let p = g - 25. What are the prime factors of p?
3, 5
Suppose 5*i + 24 - 4 = 0. Let r = i + 6. Suppose 0 = -g - r*o + 12, -25 = -2*g - g + 5*o. What are the prime factors of g?
2, 5
Suppose -5*a - 2 = -6*a. Suppose -5*c + 2*v + 3 = -1, 0 = -5*v - 10. Suppose -24 = -4*p + 4*j, c*j - a = -p + 2*j. List the prime factors of p.
2, 5
Let s be (-15)/10*(-16)/6. Suppose 20 = s*l + 5*z + 1, 0 = -l - 3*z + 3. List the prime factors of l.
2, 3
Suppose 4*g - 14 = -4*k + 78, 0 = -5*g - 15. Suppose 0 = -3*n - 15, 2 - k = -2*w + 4*n. What are the prime factors of w?
2
What are the prime factors of (-4)/(2 - 60/27)?
2, 3
Let w = 5 - 14. Let u = 9 - w. What are the prime factors of u?
2, 3
Let d(t) = t**3 - 7*t**2 - 2. Let u = 6 - -1. Let o be d(u). Let n = o - -12. What are the prime factors of n?
2, 5
Let y(n) = n + 2. Let h be y(-10). Let j = h + 12. Suppose 3*q = j*r - 51, -24 = -5*r + 5*q + 41. List the prime factors of r.
2, 3
Let j be -87*(-2)/6*1. Let x = 48 - j. What are the prime factors of x?
19
What are the prime factors of (-42)/14 + 27 + 0?
2, 3
Let n = -10 - -14. Suppose 2*v + 128 = n*v. Suppose 0 = u + 3*u - v. What are the prime factors of u?
2
Let z(r) = r + 5. Let c = -4 + 4. Let f be z(c). Let l(i) = -i**2 + 7*i - 2. What are the prime factors of l(f)?
2
Suppose -w - 8 = -9. Let d = w + 14. List the prime factors of (-32)/(-10) - 3/d.
3
Suppose -10 = -3*v - 82. Let z = v - -52. List the prime factors of z.
2, 7
Suppose 0 = 3*m + 2*m + 25. Let v = m - -16. What are the prime factors of v?
11
Suppose -4*c + 2*f - 16 = 0, 5*c + 4*f + 2 = 2*f. What are the prime factors of ((-15)/c)/((-9)/(-36))?
2, 3, 5
Let k = -43 + 102. What are the prime factors of k?
59
Let h be ((-3)/2 - -2)*16. Suppose l - h = -l. What are the prime factors of 2/(l/3)*8?
2, 3
Suppose 0 = -2*j - j. Suppose -4*c - 15 - 13 = j. Let v = 0 - c. What are the prime factors of v?
7
Let m(b) = -6*b - 3*b**2 + 0 + 4 + 2*b**2. Let q be 44/(-8) + (-2)/(-4). List the prime factors of m(q).
3
Let q = -112 - -79. Let l be 2/11 + (-1149)/q. Suppose -5*u + 8*u = 4*h - l, 4*h + 5 = -5*u. List the prime factors of h.
5
Suppose -2*n - 528 = -5*p + 2*n, 3*n = 4*p - 423. Let g = p - 77. Suppose -3*q + q = -5*c + g, 0 = 4*c - q - 26. What are the prime factors of c?
7
Let h be (4/12)/((-1)/(-27)). Let c = 6 - 36. What are the prime factors of (-1)/((h/3)/c)?
2, 5
Suppose -4*w + 4 = -2*w. Suppose 24 = 4*b - w*b. What are the prime factors of b?
2, 3
Suppose 0 = 2*s - 0 + 8. List the prime factors of ((-16)/(-20))/(s/(-10))